d*s + 62 = s. List the prime factors of s.
2, 31
What are the prime factors of 3 + 1442 + (9 - 5)?
3, 7, 23
What are the prime factors of 1136 + 8/(-5 - -7)?
2, 3, 5, 19
List the prime factors of ((-14)/7)/(3/(-990)).
2, 3, 5, 11
Suppose 5*n - 2*n = 2*k + 3672, 0 = 4*n - 2*k - 4898. List the prime factors of n.
2, 613
Suppose 0 = -45*f + 30228 + 18552. List the prime factors of f.
2, 271
Let f(s) = -s**3 + 10*s**2 + 4*s - 11. Let n = -5 - -49. Let t be 2/8 - (-429)/n. What are the prime factors of f(t)?
29
What are the prime factors of (480/90)/(-2 + (-43)/(-21))?
2, 7
Let w = 1253 + -880. List the prime factors of w.
373
Suppose -2395 = -12*k + 7*k. What are the prime factors of k?
479
Let q(f) = 23*f**2 + 37*f - 164. What are the prime factors of q(4)?
2, 11
Let f(g) = -g**2 + 8*g + 28. Let k be f(10). Suppose 0 = -2*s + k, -d = -4*d - 3*s + 405. What are the prime factors of d?
131
List the prime factors of 523 + (0 + -6 - -5).
2, 3, 29
What are the prime factors of (18/7)/(-1)*3080/(-66)?
2, 3, 5
Let q(d) = -9*d + 28. What are the prime factors of q(-13)?
5, 29
Let m = 55 - 52. Suppose -2*v = 0, u = -m*u - 5*v + 744. What are the prime factors of u?
2, 3, 31
Let r(s) = 402*s**2 + 5*s + 4. What are the prime factors of r(-1)?
401
Let s = 15 + -55. Let k(z) = -20*z**2 - z + 1. Let r be k(1). Let o = r - s. What are the prime factors of o?
2, 5
Suppose -4*d + 236 = 4*v, -4*d + v = -3*v - 212. What are the prime factors of d?
2, 7
Let p be 10/(1 - 4 - -1). Let u(s) = s**2 - 5*s + 9. List the prime factors of u(p).
59
Let l(v) = 2*v**2 - 9*v + 11. Let y be l(5). List the prime factors of (-10)/(0 + (-4)/y).
2, 5
Let y(g) = -218*g - 1071. Let p be y(-5). Suppose 0 = -5*c + 16 + 9. Let h = p - c. What are the prime factors of h?
2, 7
Suppose 13*q = 8*q + 5. What are the prime factors of q*6/(-3) + 84?
2, 41
Let p = 3 + 8. Suppose 9 + 7 = 4*f. Suppose p*l - f = 9*l. What are the prime factors of l?
2
Suppose 0 = 8*f - 3*f - 5. Let j(z) = 62*z - 1. What are the prime factors of j(f)?
61
Let n be 2/(-5) - (-153)/(-5). Suppose h + 3*t = -61, -5*h - 328 = -4*t - 99. Let w = n - h. List the prime factors of w.
2, 3
Suppose -5*u = -u - 668. Let g = u - 93. List the prime factors of g.
2, 37
Let o(c) = -4*c**2 - 5*c + 3*c**2 + 2*c**2 - 9. What are the prime factors of o(-7)?
3, 5
Suppose 11*p + 2856 = 4*j + 15*p, -2860 = -4*j - 3*p. List the prime factors of j.
2, 359
Suppose 0 = -9*i + 4*i + 200. Let u = i + -28. What are the prime factors of 9 + 3/u*0?
3
Suppose -2*m + 91 = 5*o, -2*m + 3*o = 2*o - 61. Suppose -m*t + 61 = -32*t. What are the prime factors of t?
61
Suppose 4*u - 52 = 116. Let p = u + 26. List the prime factors of p.
2, 17
Suppose 0 = u - 4*z + 12, 2*z + 16 = -3*u - 2*u. Let x(h) = 5*h**2 - 2*h. Let v be x(u). Suppose b - v = -b. What are the prime factors of b?
2, 11
Suppose 5*b - 8815 = -5*x, 4*b = -3 + 19. What are the prime factors of x?
1759
Let b be (12/3 - 4) + 14. What are the prime factors of (60/b)/(6/42)?
2, 3, 5
Let s be 1 - -3 - 1308/12. List the prime factors of 6/(-14) - (-3)/(s/(-5300)).
151
Let g(i) = -32*i + 8. Let h(k) = -k - 1. Let u(c) = -g(c) + 5*h(c). What are the prime factors of u(6)?
149
Let l(j) = j**2 + 29*j - 19. List the prime factors of l(9).
17, 19
Suppose -6*g = -2*g - 116. Let c = -24 + g. Suppose -3*f + 2*y - 58 = -c*f, -117 = -4*f - 5*y. What are the prime factors of f?
2, 7
Suppose -9*w = -12*w + 24. Suppose -3*q + w*q = 805. What are the prime factors of q?
7, 23
Let o be 1 - 5/((-5)/4). Suppose -3*h + o*h = 102. Let c = h + -22. List the prime factors of c.
29
Let b = -6045 - -9328. List the prime factors of b.
7, 67
Suppose 5*p = 10, 2*b = 2*p + 1244 + 904. What are the prime factors of b?
2, 269
Let c(m) = -m**3 + 9*m**2 + 5*m + 15. Let s be (2 + -1 - 2)*-7. What are the prime factors of c(s)?
2, 37
Let x be (0 - 4)/(-2) - -2. Suppose -15 = -x*u + 1. What are the prime factors of u?
2
Let d(y) = -5*y + 1. Suppose 4*r - 2*v = 13 - 77, -64 = 4*r - 5*v. What are the prime factors of d(r)?
3
Let s = 1257 - 523. What are the prime factors of s?
2, 367
Let x(q) = -22*q**3 - 3*q**2 - 3*q + 6. Let k(g) = -22*g**3 - 2*g**2 - 3*g + 5. Let l(d) = -4*k(d) + 3*x(d). What are the prime factors of l(1)?
2, 11
Suppose r - 1070 - 781 = 0. List the prime factors of r.
3, 617
Let c be 4/(0 - 4*(-3)/1086). List the prime factors of (-4)/6 + c/3 + 5.
5
Suppose -5*l + 2727 = -1253. List the prime factors of l.
2, 199
Suppose o + 5*p - 98 = 0, p + 721 - 127 = 5*o. List the prime factors of o.
2, 59
Let p(k) = -k**3 - k**2 + k - 1. Let t(x) = -7*x**3 + 14*x**2 + 6*x + 42. Let u(o) = -6*p(o) + t(o). List the prime factors of u(20).
2, 3
Let x(h) = -16*h - 3. Let w(k) = 80*k + 14. Let i(r) = -6*w(r) - 28*x(r). List the prime factors of i(-5).
2, 5
Let q be 3/(-7) - (-15)/35. Suppose q = r + 2*r - 180. What are the prime factors of r?
2, 3, 5
Let w be (-3 + 7 + -4)/(-1). Let b = 0 + w. Suppose -3*y = u + 3*u - 76, 2*u - 5*y - 38 = b. List the prime factors of u.
19
Let m(p) = p**3 + 7*p**2 - p - 2. Let t be m(-7). Suppose t = -k - 6. Let g(j) = -5*j + 2. List the prime factors of g(k).
3, 19
Let p be ((-6)/5)/((-5)/50). What are the prime factors of (p - 10) + 1 + 73?
2, 19
Let i(k) = -16 + 0*k + 8879*k**2 - 8868*k**2 + 2*k + k**3. Let c(g) = -5*g. Let r be c(2). What are the prime factors of i(r)?
2
List the prime factors of 5 + 910/((-10)/(-1)).
2, 3
List the prime factors of 95/2 + (55/(-10) - -3).
3, 5
Let w be (336 - 1)*(3/(-5) - -1). Suppose -w = -v - 0*v. What are the prime factors of v?
2, 67
Let c = -23 - -5. Let k be (c - -8) + 1/(-1). Let x = 32 + k. List the prime factors of x.
3, 7
Let z(b) = -4*b - 16 + 6*b**3 - 7*b**3 - b - b**2 - 5*b**2. List the prime factors of z(-6).
2, 7
Let g(o) = o**2 + o - 3. Let d(n) = -n**3 - 8*n**2 + 3*n + 12. Let u be d(-8). Let a be (-5)/30 - 62/u. List the prime factors of g(a).
3
Let m = 735 + -424. Let c = m - 185. List the prime factors of c.
2, 3, 7
Let s be ((-1)/((-5)/2))/(3/15). Suppose 17 + 17 = s*l. What are the prime factors of l?
17
Let g = -36 - -39. What are the prime factors of (g/3)/(1/85)?
5, 17
Let m = -4 + -5. Let h = -3 - m. Suppose 5*f - 63 = -u + 5*u, 2*u - h = 0. What are the prime factors of f?
3, 5
Suppose -16*p + 1265 = -5*p. List the prime factors of p.
5, 23
Let h = -7 - -3. Let a = 150 - h. What are the prime factors of 6/10 - a/(-10)?
2
Let q(v) be the first derivative of v**3/3 + 5*v**2/2 + 15*v + 1. List the prime factors of q(-6).
3, 7
Suppose 35*o - 33*o - n = 5463, 0 = -o - n + 2727. List the prime factors of o.
2, 3, 5, 7, 13
Let w be (3 + -4)*1 + 48. Let q = 133 - w. What are the prime factors of q?
2, 43
Suppose 4*r - 2*p + 5*p + 27 = 0, p + 1 = 0. Let i be 6/r - 6/(-2). Suppose -i*a + 16 = 4*h - 8, h - 2*a = 11. List the prime factors of h.
7
Let g = -8 + 22. Let c(v) = 2*v - 25. What are the prime factors of c(g)?
3
Let k = -670 + 668. Let l(x) = -x**3 + x**2 - 1. Let y be l(0). What are the prime factors of y*(k + 3*-13)?
41
Suppose 26497 = 25*r - 328. What are the prime factors of r?
29, 37
Let r(u) = 47*u - 73. Let y be r(9). Let t = y - 169. List the prime factors of t.
181
Let c = 1676 - 367. Let o be c/14 + (-2)/4. Suppose 2*u = -t + o, 0 = -3*u - 4*t - t + 143. What are the prime factors of u?
2, 23
Let b(z) = -20*z + 7. Let a be b(-4). Let c = a - 20. What are the prime factors of c?
67
Let s(z) = -2*z - 8. Let t be s(-6). Suppose 0 = 3*i - 12, -t*i + 36 - 272 = -4*d. What are the prime factors of d?
3, 7
Suppose -30 = -2*z + 34. Let x = z + -15. List the prime factors of x.
17
Let k be 6/4*20/(-15). What are the prime factors of 3/((-3)/k) + 65?
67
What are the prime factors of ((-180)/(-210))/(2/84)?
2, 3
Let c be ((-33)/(-55))/((-1)/(-5)). Let s be c + (-2 - (-4)/2). Suppose 0 = s*a + 2 - 83. List the prime factors of a.
3
Let i(l) be the third derivative of -l**6/120 + l**5/60 - 35*l**3/3 + 7*l**2. Let p be i(0). Let z = p + 101. What are the prime factors of z?
31
Suppose 3*c = -5*v - 38, 5*c - 5*v = -11 - 79. What are the prime factors of (-73 + -1)/(c/24)?
3, 37
Let j(l) = 62*l**2 - 65*l - 238. List the prime factors of j(-4).
2, 3, 13
Suppose -4*x - 10 = 2*v, 0 = 4*x - 3*v + 10 + 5. Let d be -6*x/(-6) - 0. What are the p